s of 2395149.
3, 798383
What are the prime factors of 2152408?
2, 43, 6257
What are the prime factors of 1807882?
2, 17, 53173
List the prime factors of 224136.
2, 3, 11, 283
List the prime factors of 432757.
13, 33289
What are the prime factors of 685128?
2, 3, 28547
What are the prime factors of 832338?
2, 3, 13, 3557
What are the prime factors of 6319945?
5, 41, 30829
What are the prime factors of 1981963?
1981963
What are the prime factors of 1474590?
2, 3, 5, 13, 19, 199
What are the prime factors of 3291300?
2, 3, 5, 23, 53
What are the prime factors of 159489?
3, 11, 179
List the prime factors of 166490.
2, 5, 16649
What are the prime factors of 7047968?
2, 257, 857
What are the prime factors of 60277?
7, 79, 109
List the prime factors of 571401.
3, 21163
List the prime factors of 3174697.
73, 157, 277
List the prime factors of 412980.
2, 3, 5, 6883
What are the prime factors of 308423?
308423
List the prime factors of 23994092.
2, 991, 6053
What are the prime factors of 5303343?
3, 1767781
List the prime factors of 2285131.
2285131
What are the prime factors of 307061?
67, 4583
What are the prime factors of 88391?
157, 563
List the prime factors of 1701391.
1701391
List the prime factors of 58579.
58579
What are the prime factors of 188376?
2, 3, 47, 167
What are the prime factors of 1235016?
2, 3, 17, 1009
What are the prime factors of 848623?
17, 49919
What are the prime factors of 1214125?
5, 11, 883
What are the prime factors of 857488?
2, 53593
List the prime factors of 8446278.
2, 3, 89, 15817
What are the prime factors of 10746?
2, 3, 199
List the prime factors of 5960283.
3, 7, 29, 9787
What are the prime factors of 24098909?
24098909
List the prime factors of 8392494.
2, 3, 11, 101, 1259
What are the prime factors of 1713549?
3, 17, 33599
List the prime factors of 632847.
3, 193, 1093
What are the prime factors of 480483?
3, 197, 271
What are the prime factors of 1752484?
2, 19, 23059
List the prime factors of 450600.
2, 3, 5, 751
List the prime factors of 179392.
2, 2803
List the prime factors of 163959.
3, 31, 41, 43
List the prime factors of 1863329.
13, 143333
What are the prime factors of 204730?
2, 5, 59, 347
List the prime factors of 2517936.
2, 3, 52457
What are the prime factors of 1121354?
2, 13, 17, 43, 59
List the prime factors of 344205.
3, 5, 7649
What are the prime factors of 208005?
3, 5, 7, 283
What are the prime factors of 25995539?
25995539
List the prime factors of 29385.
3, 5, 653
List the prime factors of 298141.
281, 1061
What are the prime factors of 9676833?
3, 19, 169769
What are the prime factors of 1141981?
61, 97, 193
What are the prime factors of 6939805?
5, 1387961
List the prime factors of 16163600.
2, 5, 17, 2377
What are the prime factors of 40665338?
2, 7, 2904667
What are the prime factors of 311930?
2, 5, 31193
List the prime factors of 605520.
2, 3, 5, 29
List the prime factors of 1991650.
2, 5, 61, 653
List the prime factors of 7190737.
7190737
List the prime factors of 85600.
2, 5, 107
List the prime factors of 498270.
2, 3, 5, 17, 977
What are the prime factors of 294742?
2, 7, 37, 569
What are the prime factors of 13602376?
2, 1700297
What are the prime factors of 436205?
5, 7, 11, 103
What are the prime factors of 704212?
2, 176053
What are the prime factors of 300100?
2, 5, 3001
What are the prime factors of 1305190?
2, 5, 47, 2777
List the prime factors of 24591.
3, 7, 1171
What are the prime factors of 2415397?
37, 97, 673
List the prime factors of 3216339.
3, 7, 19, 2687
List the prime factors of 2018895.
3, 5, 134593
List the prime factors of 15098.
2, 7549
List the prime factors of 3365835.
3, 5, 11, 20399
What are the prime factors of 16970484?
2, 3, 1414207
What are the prime factors of 357338?
2, 29, 61, 101
List the prime factors of 520601.
43, 12107
What are the prime factors of 6142053?
3, 2047351
List the prime factors of 339901.
151, 2251
What are the prime factors of 1154874?
2, 3, 7, 31, 887
List the prime factors of 192396.
2, 3, 16033
What are the prime factors of 1007?
19, 53
What are the prime factors of 17590337?
17590337
What are the prime factors of 929663?
7, 59, 2251
What are the prime factors of 2890533?
3, 31, 31081
What are the prime factors of 518757?
3, 19, 479
List the prime factors of 225869.
7, 41, 787
What are the prime factors of 4910206?
2, 7, 350729
What are the prime factors of 73023?
3, 101, 241
What are the prime factors of 501540?
2, 3, 5, 13, 643
List the prime factors of 395885.
5, 7, 11311
What are the prime factors of 57334?
2, 109, 263
List the prime factors of 6283012.
2, 1570753
What are the prime factors of 1209356?
2, 463, 653
What are the prime factors of 1855904?
2, 59, 983
What are the prime factors of 137198?
2, 181, 379
List the prime factors of 4532958.
2, 3, 251831
List the prime factors of 24668142.
2, 3, 41, 149, 673
List the prime factors of 9159843.
3, 7, 11, 19, 2087
What are the prime factors of 913373?
913373
What are the prime factors of 187964?
2, 7, 137
List the prime factors of 3028339.
37, 81847
What are the prime factors of 4320838?
2, 2160419
What are the prime factors of 743686?
2, 371843
What are the prime factors of 1196895?
3, 5, 7, 11399
List the prime factors of 1730967.
3, 7, 139, 593
List the prime factors of 304976.
2, 7, 389
List the prime factors of 2436891.
3, 812297
What are the prime factors of 1392911?
13, 109, 983
List the prime factors of 1806224.
2, 7, 16127
What are the prime factors of 29859?
3, 37, 269
List the prime factors of 2896119.
3, 83, 3877
What are the prime factors of 2373418?
2, 29, 151, 271
What are the prime factors of 96141?
3, 73, 439
What are the prime factors of 7587395?
5, 317, 4787
What are the prime factors of 4090976?
2, 127843
What are the prime factors of 2114221?
2114221
List the prime factors of 40439892.
2, 3, 3369991
List the prime factors of 634673.
13, 48821
What are the prime factors of 4375866?
2, 3, 11, 66301
What are the prime factors of 5127208?
2, 640901
List the prime factors of 1973568.
2, 3, 19, 541
What are the prime factors of 1311340?
2, 5, 173, 379
List the prime factors of 335239.
137, 2447
List the prime factors of 305031.
3, 17, 5981
What are the prime factors of 561520?
2, 5, 7019
List the prime factors of 7824.
2, 3, 163
List the prime factors of 9793021.
7, 1399003
What are the prime factors of 390937?
313, 1249
What are the prime factors of 141835?
5, 19, 1493
List the prime factors of 14233585.
5, 2846717
List the prime factors of 1231933.
173, 7121
List the prime factors of 37083.
3, 47, 263
List the prime factors of 1475290.
2, 5, 31, 4759
List the prime factors of 280475.
5, 13, 863
List the prime factors of 386999.
41, 9439
List the prime factors of 380652.
2, 3, 31721
What are the prime factors of 13500807?
3, 4500269
List the prime factors of 1562173.
1562173
List the prime factors of 589122.
2, 3, 23, 1423
List the prime factors of 795672.
2, 3, 43, 257
List the prime factors of 88907.
7, 13, 977
What are the prime factors of 4438189?
7, 29, 21863
What are the prime factors of 1240192?
2, 9689
List the prime factors of 1611711.
3, 59693
What are the prime factors of 1519903?
7, 11, 19739
List the prime factors of 2194210.
2, 5, 59, 3719
What are the prime factors of 8763046?
2, 23, 29, 6569
What are the prime factors of 722818?
2, 361409
List the prime factors of 1133502.
2, 3, 19, 61, 163
What are the prime factors of 1885437?
3, 7759
What are the prime factors of 450680?
2, 5, 19, 593
List the prime factors of 11494128.
2, 3, 239461
What are the prime factors of 1041757?
1041757
List the prime factors of 529410.
2, 3, 5, 7, 2521
List the prime factors of 13475195.
5, 1009, 2671
What are the prime factors of 441201?
3, 17, 41, 211
List the prime factors of 2245698.
2, 3, 7, 13, 457
What are the prime factors of 13518?
2, 3, 751
List the prime factors of 277625.
5, 2221
What are the prime factors of 402992?
2, 89, 283
What are the prime factors of 271181?
271181
List the prime factors of 2091769.
2091769
List the prime factors of 20740118.
2, 7, 67, 22111
What are the prime factors of 305282?
2, 152641
What are the prime factors of 57410?
2, 5, 5741
List the prime factors of 722138.
2, 361069
What are the prime factors of 4155934?
2,